e prime factors of l.
53
Suppose 0 = 36*s - 30*s - 1686. What are the prime factors of s?
281
Let v = 27 + -29. Let w = 1 - v. Suppose 0 = w*z - 39 - 78. What are the prime factors of z?
3, 13
Suppose -4*g + 75 = -5*n - 33, -4*g + 3*n + 116 = 0. Suppose 2*y = p - g, -5*p + 6 = y - 0*p. Let z = y - -25. What are the prime factors of z?
11
Suppose 0 = -g - 3*x + 838, -9*x + 3325 = 4*g - 6*x. List the prime factors of g.
829
Let z = 550 + -377. List the prime factors of z.
173
Let x(a) = -2*a**3 - 7*a**2 - a - 1. Let o be x(-5). Let h = o - 36. Suppose -7 = -2*r + h. What are the prime factors of r?
5
Let v(g) = g**3 - 16*g**2 + 15*g + 5. Let k be v(15). Suppose k*y = 24 + 46. Suppose 2*l - y = 36. List the prime factors of l.
5
Let f(v) = -v**3 - 25*v**2 - 55*v + 17. What are the prime factors of f(-25)?
2, 3, 29
Let l(s) = 2*s**3 - 4*s**2 + s + 3. Let t be l(2). Suppose -580 = -t*v + v. List the prime factors of v.
5, 29
Let f = 2373 + -1277. What are the prime factors of f?
2, 137
Let q(j) = -80*j. Let g be q(1). List the prime factors of g/(1 + -3) - 2.
2, 19
Let h = 260 - 183. What are the prime factors of h?
7, 11
Suppose -r - 2*r = 2*a + 20, -4 = 4*r - 3*a. What are the prime factors of -1 - r - (-80 + 9)?
2, 37
Let z = 32 + -22. Suppose 0 = 3*c - z - 2. What are the prime factors of ((-2)/(-3))/(c/228)?
2, 19
Suppose -8*k + 1813 = -4035. What are the prime factors of k?
17, 43
Suppose y = 5*z + 53, 0*y + 3*z = 2*y - 99. Suppose -s + 10 = -2*o + 1, -4*o - y = -4*s. What are the prime factors of s?
3, 5
Let a = 263 + 627. What are the prime factors of a?
2, 5, 89
Suppose -3*o - 13 = 2*b, 3*b + 3*o + o + 17 = 0. Let i(y) = -16*y**2. Let h be i(b). Let u = h + 19. List the prime factors of u.
3
Suppose 2*j = 5*v + 21, 25 = 5*j - 10*j - 3*v. Let i(o) = -10*o**3 + o**2 + 3*o + 2. What are the prime factors of i(j)?
2, 5
List the prime factors of (2549/2)/(47/94).
2549
Suppose 0*g = -5*l - g + 18, 18 = 3*l + 3*g. Suppose 80 = r - l*f, 4*r + 128 = -f + 422. What are the prime factors of r?
2, 37
Let d(f) = -2*f - 2. Let o be d(-2). Let s(c) = 5*c + c + 5 - 3 + 3 + c**o. List the prime factors of s(-6).
5
Let q = -15 - -14. List the prime factors of 58*(q + 2) - (-5 - -2).
61
Let n be (-38)/(-14) + (-12)/(-42). Suppose 550 = -n*h + 5*h. List the prime factors of h.
5, 11
Let m be 2300/28 + (-5)/35. Let g = m + -20. What are the prime factors of g?
2, 31
Suppose -6*k - 378 = k. List the prime factors of (k/(-6))/(3 + 128/(-44)).
3, 11
Let r = -84 - -164. Suppose -10 = -5*a + r. Let x = 41 - a. What are the prime factors of x?
23
Let y be (3 - 3) + 1 - 0. Let t(m) = 5*m**2 - 3 + y + 2*m**2 + m - 2*m**2. What are the prime factors of t(-2)?
2
Let i be 0*(-2 - 6/(-4)). Suppose 0*j + 5*j + 20 = i. What are the prime factors of 4/j + 3 - -17?
19
Let c be 40/10*9/12. Suppose -6*w - h = -w - 52, -36 = -3*w - c*h. What are the prime factors of w?
2, 5
Let r = 1172 - 765. What are the prime factors of r?
11, 37
Let v be ((-16)/(-3))/(3/(-9)). What are the prime factors of (87/(-12))/(4/v)?
29
Suppose -v + 103 = -4*g + 4*v, 0 = -5*g - v - 136. Let t = 36 + g. Suppose 12*a - 153 = t*a. List the prime factors of a.
3, 17
Suppose -l - 2*c + 3*c = 30, 0 = -3*l + c - 82. Let v = l + 30. List the prime factors of v.
2
Suppose -2*j = j. Let g = j - -2. Suppose -4*p + 153 = 5*k, 0 = p - 3*k - g - 15. What are the prime factors of p?
2
Suppose -5*m - 1 + 16 = 0. Suppose 2*x + 5*s = 198, 0*x - 4*x + 344 = -m*s. What are the prime factors of x?
89
Let y(z) = z - 3. Let j be y(7). Suppose 2*q - 517 = -5*a, 2*q = -2 + j. Suppose 0 = -2*g - 9 + a. List the prime factors of g.
47
Let n(b) = -2*b + 107. Let q be n(0). Suppose 0 = -x + 319 - q. Let a = x - 148. List the prime factors of a.
2
Let j(w) = -w**3 + 5*w**2 - 3*w + 1. Let u be j(4). Suppose 222 + 188 = u*v. List the prime factors of v.
2, 41
Let g(x) = -x**2 - 13*x + 6. Let s = 0 + -11. What are the prime factors of g(s)?
2, 7
Suppose 4*r - 3*z = 2*z + 159, -165 = -5*r - 5*z. Suppose r = i - 18. List the prime factors of i.
2, 3
Let l(t) = -339*t - 132. What are the prime factors of l(-3)?
3, 5, 59
Suppose -3*z + 3550 = -4*q + 1315, -2253 = -3*z - 2*q. List the prime factors of z.
7, 107
Suppose -3195 - 177 = -4*j. Let z = -600 + j. List the prime factors of z.
3
Let s be 12/(-14) + (-4)/28. What are the prime factors of ((-30)/(-20))/(s/(-60))?
2, 3, 5
Suppose 4*a + 206 = 638. List the prime factors of a.
2, 3
Let c(h) = -h**3 + 4*h**2 + 4*h - 5. Let u(t) = t**3 - 9*t**2 + 8*t + 6. Let m be u(8). Let v be 51/15 + m/10. List the prime factors of c(v).
11
Let j(y) = 5*y - 4. Suppose -2*c - 4 = -4*c. Suppose g - c*g = -4. What are the prime factors of j(g)?
2
Suppose -5*p - 41113 = -4*s - 14442, -2*p = -3*s + 20005. What are the prime factors of s?
3, 13, 19
What are the prime factors of (-6)/((-5316)/18312 + 4/14)?
2, 3, 109
List the prime factors of (-4)/(-22) + 310999/143.
3, 5, 29
Suppose 697 = -14*u + 2013. List the prime factors of u.
2, 47
Suppose -66 = 5*z + 789. Suppose -5*q = f + 551, -4*q - 5*f + 101 = 546. Let s = q - z. What are the prime factors of s?
61
Suppose 0 = -n + 10 - 12. List the prime factors of (n/(36/858))/(2/(-6)).
11, 13
Let d(r) = 15*r**2 - r + 10*r**2 + 2 + 14*r**2 - r. List the prime factors of d(1).
3, 13
Let h = 77 + -46. Suppose -o = -h - 6. What are the prime factors of o?
37
Let m be (-224)/3 - (-7 - 66/(-9)). Let q = 204 + m. List the prime factors of q.
3, 43
Let l be 16/(-9)*-1 + 2/9. Suppose -2*h - 7 = -2*n - n, 6 = -h + l*n. List the prime factors of h.
2
Let g(k) = -15*k**2 + k - 2. Let c be g(2). List the prime factors of ((-24)/20)/(9/c).
2
Suppose -6*s = 8 - 26. Suppose -3*r = -4*r - 5, -s*p = -3*r - 147. What are the prime factors of p?
2, 11
Let t(s) = -3 + 3*s - 2 - 1. Let c be t(7). Suppose -10*j = -c*j + 90. List the prime factors of j.
2, 3
Suppose 2*k - 4*x - 4 = 0, -4*k - x = 3*x - 32. Let n(w) = 6*w**2 - 4 - w**3 + 6*w**2 - 7*w - 4*w**2. List the prime factors of n(k).
2, 13
Let x be 5*(-39)/65*(-1 + 0). Suppose 49 = u - x*t, -26 = -u - 2*t + 33. List the prime factors of u.
5, 11
Suppose b - 5 = -0. Let s be 1/((3 - b)/(-10)). What are the prime factors of ((-42)/s)/(5/(-25))?
2, 3, 7
Let p = 27 + 44. List the prime factors of p/((1/(-1))/(-1)).
71
Let n = 14 + 2. Let i = n - 10. Suppose -i + 0 = -3*w. List the prime factors of w.
2
Let s = 289 - 85. Suppose 6*r - 2*y = 3*r + 225, -5*y + s = 3*r. Let p = r - 44. List the prime factors of p.
29
Let n be 6/(-21) - (-2 - (-2484)/(-21)). Let c = n + -5. What are the prime factors of c?
5, 23
Let r(p) = 3711*p - 4. What are the prime factors of r(1)?
11, 337
Let l(b) = -1254*b - 141. What are the prime factors of l(-2)?
3, 263
Let m(v) = 8*v - 4*v - 3*v. Let g be m(4). Suppose 2*q = 2*h - 50, -h + g*q - 20 = -2*h. What are the prime factors of h?
2, 3
Let w be (-47)/(-4) - 6/(-24). Let k = -11 + w. Let a = k - -16. What are the prime factors of a?
17
Suppose 3*n - 10 = g, 5*g = -5*n + 3*g + 2. Let j(p) = -15*p + 1. Let v be j(n). Let x = v + 50. List the prime factors of x.
3, 7
List the prime factors of (-6 - (-1780)/(-16))/((-1)/4).
7, 67
Suppose 0*r = -48*r + 238032. What are the prime factors of r?
3, 19, 29
Let u(s) = 151*s + 9. List the prime factors of u(1).
2, 5
Suppose -3702 = -8*d + 4578. What are the prime factors of d?
3, 5, 23
Let r(u) = -4*u - 2. Let g be r(-1). Suppose 0 = -3*m + w + 277, g*m - 3*w = 3*m - 89. List the prime factors of m.
2, 23
Let w = -12 - -24. Suppose 1897 = w*b + 181. What are the prime factors of b?
11, 13
Let y be ((-3)/(-2))/(4/104). Suppose -3*r - 4*g = -46, -2*r = -0*r + g - y. List the prime factors of r.
2, 11
Let o = -812 + 1347. List the prime factors of o.
5, 107
Let o be 2/6 + 0 + 57/(-9). What are the prime factors of 42/((-2)/o*(-21)/(-7))?
2, 3, 7
Suppose 1031 = 2*x - 89. Suppose 3*i - 5*v = 305, -v = -5*i - 3*v + x. List the prime factors of i.
2, 5, 11
Let r(z) be the first derivative of z**2/2 + 2*z - 5. Let c be r(0). Suppose 4*d - c*d = 6. List the prime factors of d.
3
Suppose 36*t = 52*t - 56064. What are the prime factors of t?
2, 3, 73
Let b(n) be the third derivative of n**5/60 + n**4/6 - n**3/2 + n**2. Suppose -5*i + 18 = 2*p, p + 0*p = -4*i + 15. List 